u. Let q = u + h. Does 12 divide q?
True
Let f be 0*(20/(-8) + 3). Suppose q + 2*q - 165 = f. Is 21 a factor of q?
False
Does 10 divide (-54)/(-8)*8/3?
False
Let q = 3 - 3. Suppose 0 = o - q + 1. Does 12 divide 26 - (-2)/(0 - o)?
False
Suppose -d + 21 + 23 = 0. Does 19 divide d?
False
Does 6 divide (-6)/(-9)*(-3 - -21)?
True
Let h(y) be the first derivative of 3*y**4/4 - y**2/2 - y - 1. Suppose 0 = -5*r + 5, 4*k - 14 = -4*r - 2. Is h(k) a multiple of 13?
False
Let g = -56 + 90. Is g a multiple of 17?
True
Let s = -4 - 3. Let h(y) = 4*y**3 + 37*y**2 - 5*y - 16. Let x(g) = -g**3 - 9*g**2 + g + 4. Let w(q) = 2*h(q) + 9*x(q). Is w(s) a multiple of 5?
False
Let w = 154 - -5. Suppose -5*d - 3*q + 249 = 0, -3*d + w = 6*q - q. Is 11 a factor of ((-1)/(-1))/(2/d)?
False
Suppose 5*f + 0 - 20 = 0. Suppose -a + 31 = -f. Suppose 2*b = a - 9. Does 13 divide b?
True
Let p = -22 - -82. Suppose -6*x + p = -x. Is x a multiple of 6?
True
Suppose 0 = k + 4*s + 20, -5*k + 4*s + 20 = -k. Suppose 190 = -k*x + 5*x. Is 19 a factor of x?
True
Suppose 0 = 2*d - 5*x - 29, 3*d - 24 - 2 = 4*x. Suppose -3 = p - d*p. Is p a multiple of 3?
True
Let j(m) = -3*m - 10. Suppose 0 = -x - 9 - 1. Is j(x) a multiple of 10?
True
Let q(g) be the first derivative of g**6/360 + g**5/40 - g**4/6 + 2*g**3/3 + 1. Let b(p) be the third derivative of q(p). Is b(5) a multiple of 15?
False
Let f(p) = 0*p - p**3 + 0*p**2 - 4*p - 3*p - 5*p**2 - 1. Is f(-5) a multiple of 17?
True
Let c = 129 + -81. Is c a multiple of 12?
True
Let o be (0 - 3)*(-4)/6. Suppose -2*l = o*l - 56. Is 7 a factor of l?
True
Suppose -3*f + 787 + 200 = 0. Is f a multiple of 15?
False
Suppose -b + 19 = -5*j, b + j = 6*b - 143. Let h = 87 + b. Suppose 0 = -5*i - 41 + h. Is i a multiple of 11?
False
Let b = 48 - -25. Suppose -8 = -5*j - b. Let t = 21 + j. Does 4 divide t?
True
Does 14 divide 123*(-2)/6*(7 - 10)?
False
Does 3 divide (-3*2*-3)/2?
True
Let s = 0 - -1. Let i be (0/s)/(3/1). Let a = i + 6. Is 6 a factor of a?
True
Let j(n) = -214*n - 1. Is j(-1) a multiple of 23?
False
Does 9 divide (9*(-2)/4)/((-2)/36)?
True
Suppose -20 = 4*f + 2*w, -3*f - 2*f - 27 = 3*w. Let z = f + 4. Does 3 divide -4*-2*(2 - z)?
False
Let v(o) = o**3 + 4*o**2 - o - 1. Let q be v(-4). Let k = 0 + q. Suppose 0 = k*y - y - 28. Is y a multiple of 7?
True
Let o = 33 - -2. Is o a multiple of 27?
False
Suppose -4*k + 57 = -23. Does 10 divide k?
True
Suppose 0*n = 2*n - 8. Let x(d) = d + 3. Is x(n) a multiple of 7?
True
Let d be -4*(10/(-4))/5. Suppose d*q = 15 - 1. Is 7 a factor of q?
True
Let u = 41 + -19. Let q = u - -40. Does 17 divide q?
False
Suppose 2*i + 3*i = 315. Does 21 divide i?
True
Let w = 3 + 0. Let y(n) = 3*n + 5*n + w*n**2 - 4*n - 2*n. Is 20 a factor of y(-4)?
True
Suppose -2*j - j - 42 = 0. Let p be (-2 - 0)/(7/j). Suppose -25 = -p*x + v + 146, 2*v = 10. Is 16 a factor of x?
False
Is 4/(1*1/14) a multiple of 14?
True
Suppose -5*o + 4 = -0*u - 2*u, 10 = 2*o + 2*u. Is (-63)/(-5) - o/(-5) a multiple of 4?
False
Let s(c) = c + 5. Let h be s(7). Is ((-2)/(-3))/(2/h) a multiple of 4?
True
Suppose 0 = -4*p + 3*p + 19. Suppose a - p = 1. Is a a multiple of 10?
True
Suppose -2*q = -4*s + 34, 3*q - 11 + 51 = 5*s. Suppose 360 = s*z - 6*z. Does 24 divide z?
True
Suppose -27 = -2*a + 171. Is a a multiple of 33?
True
Suppose 3*m = -d + 17, -3*d - 2*m + 4*m = -106. Does 8 divide d?
True
Let n(f) = -f**2 - 9*f - 10. Let i be n(-7). Suppose 73 = -0*c + 5*c - z, i*c - 3*z = 54. Does 6 divide c?
False
Does 9 divide (-2)/4*(-270)/5?
True
Suppose -755 = -5*y - o, -2*y + 127 = -2*o - 163. Let u = -103 + y. Is 18 a factor of u?
False
Let o(f) = f**3 + 6*f**2 + f - 2. Is 5 a factor of o(-5)?
False
Is 3 a factor of (-5 + 17)*(-18)/(-8)?
True
Does 26 divide 32 - (2 + 0) - 4?
True
Suppose 18 = 5*c - 12. Let g(f) = -4*f + 9. Let h(b) = 13*b - 28. Let w(p) = -7*g(p) - 2*h(p). Does 4 divide w(c)?
False
Let f = 93 + -60. Is 5 a factor of f?
False
Let z(u) = 2*u**3 - 5*u**2 + u - 2. Is z(5) a multiple of 16?
True
Suppose 5*q - 4*i + 0*i - 98 = 0, -5*q - 5*i + 125 = 0. Suppose 0 = -4*v - v. Suppose m - q = -v*m. Is 11 a factor of m?
True
Let m be (-2 + -52)*(-8)/(-12). Let b = m - -55. Suppose j = -4*t + b, -3*t = -t - 6. Is j a multiple of 7?
True
Suppose 0*x - 2*x + 2*k + 6 = 0, x = -2*k + 3. Suppose 0 = -x*g - g + 24. Is 9/(-3) + 3 + g a multiple of 3?
True
Suppose 0 = 5*i - 0*i - 240. Is i a multiple of 12?
True
Let s = 36 + -22. Does 8 divide 15/(-1 - s/(-8))?
False
Suppose -32 = 8*y - 9*y. Is y a multiple of 16?
True
Let d(z) = 2*z - 2. Let k be d(3). Let x = 1 - k. Is x + 1 - (-42 + -4) a multiple of 17?
False
Let i(r) = 8*r**3 - 2*r**2 + 1. Let g be i(1). Suppose 0 = -w, 3*b + g*w - 6 = 2*w. Let k(d) = 2*d**3 - 2*d - 1. Does 4 divide k(b)?
False
Suppose t = -10 - 4. Let j be (-606)/t - 2/7. Let k = -1 + j. Does 21 divide k?
True
Let z be 2 - (1 + -3)/(-2). Let b = 1 - z. Suppose -3*x + 33 = -b*x. Does 8 divide x?
False
Is 11 a factor of -2 + 210/5 + 4?
True
Suppose 4*t + 0*t - 16 = 0. Let s = 5 - t. Is 13 a factor of 1 + s + (-2 - -26)?
True
Suppose -3*t = -2*v - 0*t + 103, v = -4*t + 46. Is v a multiple of 10?
True
Is 22 a factor of (-2)/(-6) - 707/(-21)?
False
Suppose -12 = -4*w + 4. Suppose 5*d = w*n + 152, -3*n - 122 = d - 5*d. Is d a multiple of 18?
False
Let r = 40 + -27. Suppose -3*c - 2*k + 6 = -4, -2*k + 10 = -3*c. Suppose u - r = -c*u. Is 11 a factor of u?
False
Suppose 5*s + 8 = s, n - 4*s = 8. Suppose -6 = -z - a, 4*z - a + 0*a - 14 = n. Suppose 0 = -2*t - 3*h + 32, -t + z + 5 = -2*h. Does 7 divide t?
False
Let n = 91 + -47. Does 7 divide n?
False
Suppose 336 = i + 5*i. Is 14 a factor of i?
True
Let i be (1 - 2) + 37*-1. Let j = 106 - 48. Let u = j + i. Is 10 a factor of u?
True
Suppose -2*z = 4*q - 132, -q = -2*z + 5*z - 38. Does 9 divide q?
False
Suppose 5 = -2*u + 23. Let d be (-2 + u)/(-1 - -2). Suppose -4*b - 2*o + d = -3*b, 4*b - 3*o - 28 = 0. Does 4 divide b?
False
Suppose 4*x - 13 = 2*b + 5, -3*b - 15 = -3*x. Is 11 a factor of b*1 - (-440)/10?
False
Suppose -5*r - 4*a = -187, 2*r + 5*a + 10 = 78. Let n = r - 22. Is 17 a factor of n?
True
Let i(d) = d + 8. Let z be i(-7). Is -2*(z + 26/(-4)) a multiple of 11?
True
Suppose -2*p - z = -3*p + 8, -4*z + 40 = 5*p. Suppose p*y - 35 = 3*y. Does 2 divide y?
False
Let u(c) be the second derivative of c**3/2 + 3*c**2/2 + 3*c. Does 3 divide u(4)?
True
Suppose p = g - 75, 0 = -3*g + 8*p - 9*p + 205. Is 10 a factor of g?
True
Suppose -4*g - 3*o = 31, -5*g - 2*o = -0*o + 30. Let a = 4 - g. Let w(p) = p + 4. Does 5 divide w(a)?
False
Suppose -2 = -u - 5. Let g(c) = -2 - 3*c + c - 4*c. Is g(u) a multiple of 9?
False
Suppose -k + 302 = d, 2*k - 5*d + 592 = 4*k. Does 17 divide k?
True
Suppose 2*a = -a + 297. Is 33 a factor of a?
True
Suppose -2*s + 24 = 4. Does 21 divide (15/6 - 0)*s?
False
Let l = 130 + -46. Is 7 a factor of l?
True
Let r be (-1)/(-5) - 289/(-5). Let z = r + 5. Is z a multiple of 21?
True
Suppose -9*j + 421 = -956. Is j a multiple of 36?
False
Let n be 1/(-4) + 18/8. Suppose n*c = -4*f - 3*c + 20, -c = 3*f - 15. Is 5 a factor of f?
True
Let t(i) = i**3 + 11*i**2 + 2*i + 5. Let r be t(-11). Is 5 a factor of ((-2 - r)*-1)/(-1)?
True
Let p = -3 + 33. Is 10 a factor of p?
True
Suppose -1 = g - 0. Let h(d) = 4*d**3 + 2*d**2 - 20*d**3 + d**3 - 1. Is h(g) a multiple of 7?
False
Let x = -1 + 3. Let y(q) = -3*q**2 + x + 22 + 4*q**2. Is 15 a factor of y(0)?
False
Suppose 0*l - 24 = -4*l. Suppose 2*q - l*x = -x + 69, -9 = -3*x. Suppose -42 = -2*k - 5*u, -14 = -3*k - 4*u + q. Is k a multiple of 16?
True
Let m(x) = x**3 - 5*x**2 + 3. Let h be m(5). Suppose 5 = 4*w - h*w. Does 5 divide w?
True
Let i(k) = k + 7. Let c be ((-2)/4)/((-3)/(-42)). Let d be i(c). Suppose y + 4*y = -2*t - 17, d = 3*t + 2*y - 2. Is 4 a factor of t?
True
Let h = -226 - -406. Suppose 0*q - h = -5*q. Does 12 divide q?
True
Does 6 divide 9/((-1)/(5/(-3)))?
False
Let s(z) = 16*z - 3. Let t be s(4). Suppose -w - 84 = 5*k, -w - 6 - t = 4*k. Is 11 a factor of 3 - 4 - (2 + k)?
False
Let z(i) = 100*i - 22. Is 27 a factor of z(4)?
True
Suppose 3*n + 24 = 5*n. Suppose -n = -2*q + 42. Is q a multiple of 10?
False
Let t = -48 + 92. Is t a multiple of 22?
True
Suppose 642 = 2*o + 2*o + 2*r, -4*o = r - 641. Does 32 divide o?
True
Let m = -